 -13*j + 2148. What is the highest common factor of 8 and j?
8
Suppose 23*b - 50 = 33*b. Let y be -4*b/50*500/2. Calculate the highest common factor of 20 and y.
20
Suppose 342*g = 349*g - 469. Suppose -3*f + 5*s - 3 = -g, 3*s = f - 24. What is the highest common factor of 99 and f?
9
Let h be 7/532*-19 - (-2209)/4. Calculate the greatest common divisor of 144 and h.
24
Suppose -3*t + 258 = 60. Suppose -46*w + 200*w = -329*w + 111573. What is the greatest common factor of t and w?
33
Let w = 137 - 80. Suppose -8*o = w + 71. Let u be (-123)/(-4)*(o/(-3) - 0). Calculate the highest common factor of u and 41.
41
Let o = 257 - 253. Suppose -o = 2*q, -2*t + 4*t - 66 = 4*q. Calculate the highest common divisor of 145 and t.
29
Let h be (((-23)/(-7) - 20/70) + -63)/(-2). What is the highest common factor of 780 and h?
30
Suppose 0 = -0*c - 3*c - 2*v + 8, 8 = 4*c + 4*v. Suppose 0 = 4*j + 5*o - 256, -3*o + 4*o = -3*j + 192. What is the highest common divisor of c and j?
4
Let d = 8683 - 5291. What is the highest common divisor of d and 2?
2
Let g = -194 + 205. Suppose 5*z = -5*d + 85, 4*z = 3*d - d - 22. Suppose 13*u + 2 = d*u. Calculate the highest common divisor of g and u.
1
Suppose 0 = 11*v + 91*v - 29*v - 3504. Calculate the highest common factor of v and 618.
6
Let d be 118 - (2 - (-2 - -2)). Let h be (279/6 - 3)/((-7)/(-28)). What is the greatest common factor of d and h?
58
Suppose -81*w + 371005 = 329*w - 1606835. What is the highest common factor of 288 and w?
72
Suppose -i - 5*w = -48, -w + 85 = 2*i - 2*w. Suppose 16 = 4*k, 47*t - i*t - 116 = -k. What is the greatest common divisor of t and 77?
7
Suppose 0 = -0*o + 5*o - 360. Let g = -14479 - -14575. What is the highest common factor of o and g?
24
Let m(s) = s**3 - 5*s**2 + 3*s - 1. Let c be m(5). Let a be 1760/1056*-9*(-4)/10. Suppose -74*f + 77*f - a = 0. What is the greatest common divisor of f and c?
2
Suppose 99 = -2*o - 5*r + 355, 682 = 5*o + 2*r. Let t = -2543 - -2589. Calculate the greatest common factor of t and o.
46
Let n be (-4 + ((-150)/(-9))/5)*-192. Let u be (n/(-10))/(94/(-235)). What is the greatest common divisor of 6 and u?
2
Let f(k) = -k**3 + 19*k**2 - 15*k - 60. Let c be f(18). Let a be (-1530)/c - 1/(-1). Calculate the highest common divisor of 32 and a.
32
Let g be 2/3 - 64/(-3). Suppose -2076 = 4*l + 2*s, -5*s + 260 = -3*l - 1323. Let m = l + 554. What is the greatest common divisor of m and g?
11
Suppose 4*v = 15*w - 12*w + 11, 5*w - 3*v = -11. Let b be w*126/(-6) + -3. Calculate the highest common divisor of 279 and b.
9
Let m = 720 - 512. Let z = 24 + -20. Let n be 13/(-2)*z/(-1). What is the highest common factor of m and n?
26
Let q(n) = -5*n**3 + 2*n**2 + 6*n - 5. Let m be q(3). Let x = m - -126. Calculate the greatest common divisor of x and 44.
22
Let m(p) = 14*p**2 + 224*p + 5. Let j be m(-16). Suppose 264 + 296 = j*q. What is the greatest common divisor of q and 56?
56
Suppose 0 = -4*l + 46 + 30. Suppose 3*h + l = -4*t + 120, -2*t = -2*h + 58. Suppose 13*m = -5*m + 1674. What is the highest common divisor of m and h?
31
Let p be 62/22 + -3 + (-534)/(-33). Let r(t) = 35*t + 1. Let b be r(1). Suppose 2*q + q - b = 0. What is the highest common divisor of p and q?
4
Suppose 65*t - 408 = 63*t. Let a = 377 - t. Let d = a + -83. What is the greatest common factor of d and 18?
18
Let j be 18 + 3*(-3)/3. Suppose -3*d - 3 + 13 = -2*k, -3*d + 3*k + j = 0. Suppose 2*b - 6*b + 32 = d. What is the greatest common factor of b and 64?
8
Suppose 197 + 195 = 8*c. Suppose 43*p + 126 = c*p. What is the highest common factor of p and 210?
21
Let u(g) = -4*g**3 - 4. Let y be u(-2). Suppose -n = 10*v - 14*v + y, -5*v = -3*n - 35. Calculate the highest common divisor of v and 42.
7
Let b = 51689 + -35829. Suppose -260*f - b = -280*f. What is the highest common divisor of f and 61?
61
Suppose 5*p = 4*s + 818, p - 2*s = 3*p - 320. Let n be (2 + 161/(-49))/(23/(-161)). Calculate the highest common divisor of p and n.
9
Suppose -22*h = -26*h + 1260. Suppose 0 = 2*t - 4, -278 = -2*r - 64*t + 51*t. What is the highest common divisor of r and h?
63
Let j be -1 - (-9 + 4 + -2). Let c(u) = 2*u**3 - 5*u**2 + 18*u - 7. Let v be c(j). Suppose -912 + v = -13*i. Calculate the highest common factor of 172 and i.
43
Suppose -22*h + 8 = -18*h. Suppose -h*a + 27 + 20 = -z, 3 = -3*z. Let s be 1656/(-40)*10/(-2). What is the greatest common divisor of s and a?
23
Let d be 1/((-1)/(-2)) + 46. Let x be (-12)/(-120) + 139192/80. Suppose -x = -0*h - 29*h. What is the highest common factor of d and h?
12
Let r(g) = -g**3 - 6*g**2 - g - 10. Let n be r(-5). Let h = -16 - n. Suppose -h*x = -11*x - 816. Calculate the greatest common factor of 34 and x.
34
Let q(c) = -2*c**2 - 13*c - 13. Let m be q(-3). Let l be 10*(m - 7) - 8. Calculate the greatest common factor of l and 82.
2
Suppose 2*n + 10 = 0, 52 = -5*m + 4*n + 102. What is the greatest common divisor of m and 6?
6
Suppose -5*s = -5*b - 55, 0 = -2*b - 9 + 3. Let r = -196 - -232. Calculate the greatest common factor of s and r.
4
Suppose -5*q + 15 = 0, 12*v + q + 53 = 14*v. Calculate the highest common divisor of 5306 and v.
14
Suppose -109*r = -105*r + 2*i - 136, 0 = r + 5*i - 34. Suppose -4*g - g = -1615. Calculate the highest common factor of r and g.
17
Suppose -2*k = 2, 0 = -3*v - k + 304 + 79. Let y be ((-30)/(-4))/((-2)/(-36)). Let l = y - v. What is the greatest common divisor of 28 and l?
7
Let c be 4*184/(-80)*-5. Let o(r) = r**2 - r. Let j be o(-5). Suppose -b = j - c. Calculate the greatest common divisor of 40 and b.
8
Let w(u) = -2*u**2 - 17*u - 14. Suppose -4*p + 3*z - 37 = 0, -6*z + z + 15 = 0. Let g be w(p). What is the highest common divisor of 329 and g?
7
Suppose x - 3*y + 5*y - 11 = 0, 0 = 5*x - 5*y + 5. Suppose -5*p = x*p - 360. Calculate the highest common factor of 75 and p.
15
Let n(o) = -o**2 + 5*o - 4. Let i be n(3). Let a be (-2)/(i/3)*-34. Let s be (6660/(-2775))/(1 + (-14)/10). Calculate the highest common factor of a and s.
6
Let b(i) = -i**2 - 18*i + 248. Let u be b(-24). What is the greatest common factor of u and 442?
26
Suppose h - 3*h = -306. Let a(u) = 130*u - 12081. Let d be a(93). What is the highest common factor of d and h?
9
Let o = 13452 - 10005. Calculate the greatest common divisor of o and 3.
3
Suppose -1831 = -15*g + 74. Let v = g - 85. Suppose 0 = -3*m + y + 82, -40 = -4*m + 3*y + 66. Calculate the highest common divisor of v and m.
14
Suppose 5*r = -15, 2*r - 4*r = -3*g + 12. Let y(v) = v**3 + v**2 - 2*v + 1. Let a be y(g). What is the highest common divisor of a and 711?
9
Suppose k - 4*c = -205, 5*k - 6*c = -7*c - 920. Let h = 101 - k. What is the highest common divisor of h and 22?
22
Let y be 68/18 - -1 - 16/(-72). Suppose -7 = 3*c + y, -3*c - 292 = -4*j. Suppose -5*b + j = -205. Calculate the highest common divisor of 5 and b.
5
Suppose 4*s - 7*s - 155490 = -33*s. Calculate the highest common divisor of 73 and s.
73
Suppose 3 = m + 2. Let o be (-1)/(-5) + 162/15. Let p(r) = -r**3 + 10*r**2 + 11*r + 1. Let j be p(o). What is the greatest common divisor of j and m?
1
Suppose 0 = 7*f + 2655 - 9627. Suppose -3*o - 2*q + 4*q + f = 0, 3*o - 999 = 3*q. Calculate the greatest common divisor of o and 66.
66
Let r be ((-2)/(-8))/(2/4)*8. Let d(k) = -k**3 + 5*k**2 - 4*k - 3. Let o be d(r). Let h be 4 - 66/o*2. What is the highest common factor of 16 and h?
16
Let l be (-13)/3*-1821 - (-42)/(-7). Calculate the highest common divisor of 166 and l.
83
Let l(h) = -2*h**3 + 8*h**2 + 81*h - 30. Let c be l(-11). Calculate the greatest common divisor of 129 and c.
129
Let q = -31 - -64. Let w be q*(354/(-18))/(-1). Calculate the greatest common divisor of 118 and w.
59
Suppose 0 = p - u - 1283, 3*p - 41*u = -37*u + 3845. Suppose 0 = 30*i - 29*i - p. What is the highest common divisor of 99 and i?
99
Suppose 0 = 173*p - 183*p + 40. Suppose -u - 5*j = -125, p*j - 415 = -4*u + j. What is the greatest common divisor of u and 340?
20
Let q = -5188 + 5193. What is the highest common factor of q and 655?
5
Let n be (-11)/((-110)/(-460))*(-2)/4. Suppose 7*r = -6336 + 6980. What is the greatest common factor of n and r?
23
Suppose -117 = 28*n - 32*n + 3*u, 3*n - 4*u - 100 = 0. Calculate the highest common factor of 296 an